culate the greatest common factor of 113 and 339.
113
Calculate the greatest common divisor of 1320 and 30.
30
What is the greatest common divisor of 60 and 225?
15
What is the highest common divisor of 8 and 1352?
8
What is the highest common divisor of 15 and 1005?
15
Calculate the greatest common factor of 55 and 1100.
55
Calculate the greatest common divisor of 4 and 284.
4
Calculate the highest common factor of 72 and 288.
72
Calculate the highest common factor of 156 and 286.
26
What is the greatest common divisor of 126 and 1344?
42
Calculate the highest common divisor of 808 and 8.
8
Calculate the greatest common factor of 1356 and 300.
12
Calculate the highest common divisor of 36 and 72.
36
What is the greatest common divisor of 48 and 9444?
12
What is the greatest common factor of 85 and 10795?
85
What is the greatest common divisor of 7 and 30863?
7
Calculate the greatest common divisor of 180 and 55.
5
Calculate the highest common divisor of 16 and 296.
8
What is the highest common factor of 336 and 777?
21
Calculate the highest common divisor of 684 and 24.
12
Calculate the highest common factor of 12 and 3201.
3
What is the highest common divisor of 35 and 5?
5
Calculate the greatest common factor of 1036 and 629.
37
What is the greatest common divisor of 294 and 6?
6
What is the highest common factor of 30 and 7845?
15
Calculate the greatest common factor of 27 and 18.
9
What is the highest common factor of 763 and 7?
7
What is the greatest common divisor of 26105 and 115?
115
What is the greatest common factor of 16 and 344?
8
Calculate the greatest common divisor of 34671 and 39.
39
What is the greatest common factor of 17 and 13?
1
What is the greatest common divisor of 1332 and 72?
36
Calculate the highest common divisor of 25 and 35100.
25
Calculate the highest common factor of 10 and 530.
10
What is the highest common factor of 1242 and 46?
46
What is the highest common factor of 110 and 240?
10
What is the greatest common factor of 32488 and 32?
8
What is the greatest common factor of 12000 and 3375?
375
What is the greatest common divisor of 9 and 225?
9
What is the greatest common divisor of 53745 and 15?
15
What is the greatest common divisor of 105 and 5145?
105
Calculate the greatest common divisor of 697 and 136.
17
What is the greatest common factor of 192 and 375?
3
Calculate the greatest common divisor of 15 and 13240.
5
What is the highest common divisor of 4382 and 56?
14
What is the highest common factor of 11 and 539?
11
Calculate the greatest common divisor of 114 and 5586.
114
Calculate the highest common factor of 13330 and 645.
215
Calculate the highest common divisor of 134 and 871.
67
What is the highest common factor of 144 and 26064?
144
What is the highest common divisor of 165 and 220?
55
What is the highest common divisor of 45 and 4635?
45
What is the highest common divisor of 104 and 16?
8
Calculate the greatest common divisor of 1197 and 273.
21
What is the greatest common factor of 17 and 99977?
17
What is the greatest common factor of 16 and 64?
16
What is the greatest common factor of 117 and 9555?
39
Calculate the greatest common divisor of 358 and 4.
2
Calculate the highest common divisor of 1027 and 13.
13
What is the highest common divisor of 777 and 147?
21
What is the greatest common divisor of 74689 and 19?
19
Calculate the greatest common divisor of 6 and 522.
6
Calculate the greatest common divisor of 948 and 12.
12
Calculate the greatest common divisor of 408 and 4284.
204
Calculate the greatest common divisor of 241 and 1.
1
What is the highest common factor of 495 and 10890?
495
What is the highest common factor of 105 and 910?
35
Calculate the highest common factor of 243 and 27.
27
Calculate the greatest common factor of 583 and 3339.
53
What is the greatest common factor of 10 and 4940?
10
Calculate the greatest common divisor of 27 and 20277.
27
Calculate the greatest common factor of 816 and 48.
48
Calculate the greatest common factor of 189 and 216.
27
What is the greatest common factor of 1965 and 30?
15
What is the greatest common divisor of 16 and 88?
8
What is the greatest common factor of 14 and 10?
2
What is the highest common divisor of 198 and 4906?
22
What is the highest common divisor of 171 and 4351?
19
What is the greatest common divisor of 675 and 25?
25
What is the greatest common divisor of 44 and 858?
22
What is the greatest common divisor of 885 and 255?
15
What is the greatest common divisor of 80 and 120?
40
What is the highest common factor of 9 and 18747?
9
What is the highest common factor of 156 and 12012?
156
What is the greatest common divisor of 130 and 910?
130
Calculate the greatest common divisor of 696 and 2523.
87
Calculate the greatest common factor of 9 and 9873.
9
Calculate the greatest common factor of 216 and 144.
72
What is the greatest common divisor of 54 and 9261?
27
What is the greatest common divisor of 51 and 13821?
51
Calculate the greatest common divisor of 24 and 888.
24
What is the highest common divisor of 142 and 21371?
71
Calculate the highest common factor of 864 and 6696.
216
What is the highest common factor of 16 and 3856?
16
Calculate the highest common divisor of 64 and 7232.
64
Calculate the greatest common divisor of 4 and 40.
4
Calculate the greatest common divisor of 225 and 45.
45
Calculate the highest common factor of 120 and 960.
120
What is the highest common divisor of 4 and 128?
4
What is the highest common factor of 27 and 4959?
9
Calculate the greatest common divisor of 49 and 1568.
49
Calculate the greatest common factor of 175 and 1475.
25
Calculate the greatest common divisor of 14812 and 28.
28
What is the greatest common divisor of 65 and 13?
13
What is the greatest common divisor of 463 and 1?
1
What is the highest common divisor of 440 and 1540?
220
What is the highest common factor of 500 and 320?
20
What is the highest common factor of 342 and 12?
6
What is the highest common factor of 54 and 3429?
27
What is the greatest common factor of 117 and 208?
13
Calculate the highest common factor of 981 and 14061.
327
Calculate the highest common divisor of 624 and 26.
26
Calculate the highest common divisor of 78 and 1586.
26
What is the greatest common factor of 1 and 128?
1
What is the greatest common divisor of 1104 and 69?
69
What is the highest common factor of 144 and 240?
48
Calculate the greatest common divisor of 1 and 25.
1
Calculate the highest common divisor of 57 and 399.
57
Calculate the highest common divisor of 27 and 2061.
9
What is the greatest common factor of 429 and 99?
33
What is the highest common divisor of 1320 and 1254?
66
Calculate the greatest common factor of 58 and 2.
2
What is the highest common factor of 422 and 2?
2
What is the greatest common factor of 15 and 475?
5
Calculate the greatest common factor of 25 and 1025.
25
What is the greatest common divisor of 9453 and 685?
137
What is the greatest common divisor of 208 and 344?
8
What is the highest common divisor of 105 and 15?
15
Calculate the highest common divisor of 30 and 28605.
15
Calculate the highest common factor of 205 and 5.
5
Calculate the greatest common factor of 96 and 5736.
24
Calculate the greatest common divisor of 79 and 8453.
79
What is the highest common factor of 4 and 20?
4
Calculate the greatest common divisor of 60 and 1500.
60
Calculate the highest common factor of 216 and 1692.
36
Calculate the greatest common factor of 1 and 586.
1
What is the highest common factor of 18 and 3177?
9
What is the highest common divisor of 37 and 148?
37
Calculate the greatest common divisor of 51 and 27.
3
Calculate the highest common factor of 5 and 13655.
5
What is the greatest common divisor of 132 and 45408?
132
Calculate the highest common factor of 231 and 99.
33
Calculate the highest common divisor of 189 and 4599.
63
What is the greatest common divisor of 18146 and 172?
86
Calculate the greatest common factor of 40 and 5960.
40
What is the greatest common factor of 5856 and 4026?
366
What is the greatest common divisor of 145 and 310?
5
Calculate the highest common factor of 35 and 1673.
7
Calculate the highest common divisor of 190 and 230.
10
Calculate the greatest common factor of 99 and 264.
33